ainder when 3 - ((-78 - u) + -6) is divided by 35.
25
Let h(j) = j + 1. Let x be h(7). Suppose -x*a = -a - 189. Let v(s) = -5*s + 170. Calculate the remainder when a is divided by v(32).
7
Let q = 9497 + -9371. What is the remainder when 9826 is divided by q?
124
Let v be (-25047)/231 - 3/(-7). Let r = 46 + v. Let i = -38 - r. Calculate the remainder when i is divided by 13.
11
Let i(b) = -100*b + 11. Calculate the remainder when i(-1) is divided by 103.
8
Let f be 2/(-10) - (-70543)/265. Let l = f - 255. Let p(m) = -m**3 - 4*m**2 - m - 1. Calculate the remainder when l is divided by p(-4).
2
Let v(t) = -2*t**3 - 10*t**2 - 10*t - 14. Let b be v(-6). Let p = b + -23. What is the remainder when p is divided by 33?
29
Suppose -14356 = 5*w - 79*w. Calculate the remainder when 771 is divided by w.
189
Let a(u) = 2*u**3 + 2*u**2 + 4*u + 2. Let d be a(-2). What is the remainder when 5 is divided by (-6)/(-1) - (17 + d)?
2
Suppose 2 = n - 0. Suppose n*d - 24 - 10 = 0. Let k(r) = 11*r**2 + 11*r + 4. What is the remainder when d is divided by k(-1)?
1
Let g = 169 + -164. Suppose -2*x = x - i - 13, 0 = -g*x + 5*i + 15. What is the remainder when 14 is divided by x?
4
Suppose 0 = 3*v + 64*o - 62*o - 79, 10 = 2*o. Calculate the remainder when 10277 is divided by v.
19
Suppose 5*t - 235 = -45. Suppose -2*n + 4*n = -2*d + t, -n = 2*d - 15. Calculate the remainder when 52 is divided by n.
6
Let x = 35 - 0. Let j be (-20)/x + (-8)/(-14). Calculate the remainder when 75 is divided by 20*1 - (j + 1).
18
Suppose 4*a = x + 8*a - 359, 2*x - 694 = -2*a. Let o = x + -332. Calculate the remainder when 84 is divided by o.
7
Let f(i) = 12*i**3 - 121*i**2 + 36*i + 4. Let w(d) = 9*d**2 + 2. What is the remainder when f(10) is divided by w(3)?
15
Suppose -2*y = -w - 46, 3*y = -10*w + 13*w + 66. Suppose -22*g - 288 = -y*g. What is the remainder when g is divided by (-4)/6 + (-92)/(-3)?
24
Let w(u) = u - 1. Let d be w(6). Suppose 2*x + 19 - 27 = 0. Suppose -3*r - d*k + 197 = 0, 0*k + x*k = -r + 75. What is the remainder when r is divided by 30?
29
Let u(g) = 11*g**2 + 15*g - 52. Let f = -65 + 70. What is the remainder when u(f) is divided by 43?
40
Suppose -8*g + 2*g = -360. What is the remainder when (2/(-5))/(554/(-306085)) is divided by g?
41
Let m(s) = -2*s**2 - 13*s + 1. Let h be m(-7). Let f(o) = -15*o + 12. Let d be f(h). Let u = -19 + d. What is the remainder when u is divided by 22?
17
Let x(z) = 12*z**2 + 5*z + 12. Let g be x(-7). Suppose n + 4*b - b - 179 = 0, 0 = -3*n - 2*b + g. Calculate the remainder when n is divided by 48.
47
Let c(n) = n**3 - 7*n**2 + 10. Let j(l) = 5*l**3 + 40*l**2 - 13*l - 22. Let p be j(-9). Let a = p - -313. Calculate the remainder when c(7) is divided by a.
1
Let b(u) = -2*u**2 + 8*u + 10. Let a be b(5). Suppose a = -3*p + 16*p - 234. What is the remainder when 86 is divided by p?
14
Suppose -8*a - 50 = -13*a. Calculate the remainder when 26 is divided by a + -2*6/4.
5
Suppose 82*w - 16078 = 4974 + 2154. What is the remainder when w is divided by (3 - 3)/(-1) + 74?
61
Suppose 36176 = 30*x + 10106. What is the remainder when x is divided by 97?
93
Let d = 100 - 96. Suppose -4*n = -0*n - 4, 93 = d*j - 3*n. Calculate the remainder when 188 is divided by j.
20
Calculate the remainder when 3774/170*(-1 + 6) is divided by 59.
52
Let h(b) = -4*b**2 + 40*b - 5. Let k(d) = 8*d**2 - 81*d + 11. Let j(n) = 7*h(n) + 4*k(n). What is the remainder when 251 is divided by j(11)?
8
Let z be (-2)/(-4) + 54/12. Let s be 347*1*(z + -2). Suppose -306 + s = 5*t. What is the remainder when t is divided by 37?
36
Let j(k) = 15*k**2 - 1120*k + 15. What is the remainder when j(75) is divided by 46?
22
Let w(v) = 2*v**2 + 4*v - 17. Let l = -260 + 255. Calculate the remainder when 86 is divided by w(l).
8
Let z(r) = -r**3 + 9*r**2 - 9*r - 8. Let o(h) = -2*h**2 - 88*h - 602. What is the remainder when o(-29) is divided by z(7)?
25
Let h(x) = -x**3 + 38*x**2 - 126*x + 452. Calculate the remainder when h(33) is divided by 5.
4
Calculate the remainder when 372 is divided by (570/(-80) - -11)*8.
0
Let n = 2 - -12. Let z = -110 - -164. Suppose -w = 5*k - z, -4*w - k = -140 - 19. Calculate the remainder when w is divided by n.
11
Let u be (-6)/((105/20)/(-7)). Suppose 195 = u*n - 3*n. Let w = 66 + -45. Calculate the remainder when n is divided by w.
18
Let k(o) = 127*o**2 + o + 1. Let m be k(-1). Let r be (-54 + 51)/(573/282 - (2 - 0)). Let d = r + m. Calculate the remainder when 63 is divided by d.
30
Suppose -215 = -5*y + 3*h, 10*y - 8*y + 2*h = 86. Let v = -1572 - -1655. Calculate the remainder when v is divided by y.
40
Suppose 0 = 7*r - 4*r - 12, 1088 = 2*p + 2*r. Suppose 51*w = 41*w + p. What is the remainder when 262 is divided by w?
46
Let d = -2105 + 2157. What is the remainder when 257 is divided by d?
49
Let r = 25 + -4. Suppose 3*t - 2 = -59. Calculate the remainder when r is divided by (18/(-3) + 3 + t)/(-2).
10
Let b = 1463 + -1450. Suppose -2*m = 3*i - 155, i + 115 = 3*i - m. What is the remainder when i is divided by b?
3
Let x be 630/25 - (-12)/(-10). Suppose 0 = x*f - 122 - 70. Calculate the remainder when 110 is divided by f.
6
Let g = 404 - 1498. Let c = -481 - g. Calculate the remainder when c is divided by 77.
74
Let r = -40 + 55. Let f(a) = a**2 + 14*a - 31. Let i(h) = 3*h**2 + 42*h - 93. Let x(c) = 7*f(c) - 2*i(c). Calculate the remainder when x(3) is divided by r.
5
Let i = 4 + -7. Let f(v) = -5*v**3 + 2*v**2 - 3*v + 1. Let s(x) = 40*x**2 - 3*x - 2. Calculate the remainder when f(i) is divided by s(-1).
40
Suppose 51 = 4*t + 2*a - 13, -3*t - 3*a + 54 = 0. Let o = 9 + -4. Calculate the remainder when (15/(-2) + 8)*t is divided by o.
2
Let c(z) = -z**3 + 12*z**2 - 22*z + 53. What is the remainder when 511 is divided by c(8)?
112
Let h(f) = -76*f**3 - f. Suppose 4*d - t - 56 = 26, -3*t = 3*d - 54. Calculate the remainder when h(-1) is divided by d.
17
Let o(h) = h**3 - 8*h**2 + 10*h - 6. Let u = 702 - 667. What is the remainder when u is divided by o(7)?
5
Let p be 9/((-297)/(-9262)) + 2/(-3). Let h = 301 - p. What is the remainder when 249 is divided by h?
18
Let d = -6 + 11. Let n = -37245 - -37257. What is the remainder when n is divided by d?
2
Let u = 12648 - 11075. Calculate the remainder when u is divided by 56.
5
Suppose -3*d + 5*c = -7*d + 116, c = -4*d + 132. What is the remainder when (-35 + 2)/1*-2 is divided by d?
32
Let w(z) = -7*z**3 - 5*z**2 - 7*z + 2. What is the remainder when w(-4) is divided by 57?
56
Let k(x) = 261*x + 3402. Calculate the remainder when 269 is divided by k(-13).
8
Let f(p) = -4*p - 15. Let w be f(-3). Calculate the remainder when (-3 - -1 - -4) + 150 is divided by w/(3/(-44))*1/2.
20
Let q = -273 - -298. Suppose q*r + 2*r = 1107. What is the remainder when r is divided by 13?
2
Suppose -s + 11*x - 8*x = -94, 3*s = -x + 242. Calculate the remainder when 323 is divided by s.
77
Suppose 216 = 11*z - 7*z + 4*l, 7*z = 4*l + 444. Calculate the remainder when 2624 is divided by z.
44
Let n = 14 + -14. Suppose -4*u + 2*d = -14, n*u = u - d - 2. Let k = -118 + 135. What is the remainder when k is divided by u?
2
Calculate the remainder when 258 is divided by ((-6)/(-36) - 20/(-15))*(-76)/(-6).
11
Let j = -49 + 54. Let w be ((-12)/(-10))/(1*2/j). Suppose 0*c + 276 = w*c. What is the remainder when c is divided by 24?
20
Let b(t) = 17*t + 4254. What is the remainder when b(-153) is divided by 16?
5
Let y = 61 + -59. Calculate the remainder when (-8)/(-84) + y/((-84)/(-2222)) is divided by 23.
7
What is the remainder when (-285)/875 - (-6)/150 - 9571/(-7) is divided by 171?
170
Suppose 2*u + 17*u - 4*u = 135. What is the remainder when 161 is divided by u?
8
Suppose -4*c - 29*k + 31*k + 4580 = 0, -5*c + 4*k = -5734. Calculate the remainder when c is divided by 286.
284
Let t(u) = 2*u**2 + 4*u + 4. Let m be t(-2). Suppose 5 = -m*l - l - 4*h, 2 = -2*l + 4*h. Calculate the remainder when (6 - (-205)/15)/(l/(-6)) is divided by 41.
36
Let o = 32 + -22. Suppose 7*j - o*j = 2*a - 1, a - 2 = -j. Calculate the remainder when 23 is divided by a.
3
Suppose 4*a - 18 = 10*a. Calculate the remainder when 61 is divided by (285/(-3))/(-5) + 3 - a.
11
Suppose 16*y - 40*y + 4728 = 0. What is the remainder when y is divided by 71?
55
Let 